Suppose 4*p - 16 = 0, 20*w - p - 23012 = 17*w. What are the prime factors of w?
2, 7, 137
Let b(s) be the second derivative of 3*s**2 + 0 - 5/6*s**3 + 22*s. What are the prime factors of b(-8)?
2, 23
Let o(c) = 335*c**3 - 4*c**2 + 515*c**3 + 287*c**3 + 6*c**2 + c - 3 - 109*c**3. What are the prime factors of o(1)?
2, 257
What are the prime factors of (-666)/(-518)*(40985 - 7)?
2, 3, 2927
Let l = -46 - -49. Suppose -3*o + 2*z = 415, -l = -2*z + 7. Let w = o + 299. What are the prime factors of w?
2, 41
Let o = -7345 + 10300. What are the prime factors of o?
3, 5, 197
Suppose 2*v = 131 + 385. Let n = v - -47. List the prime factors of n.
5, 61
List the prime factors of ((-4)/10 - (-749772)/180) + -8.
4157
Let m(q) = 9*q - 10. Let w(z) = z**2 + z - 1. Let b(r) = m(r) + w(r). Let f be b(-11). Suppose -s + f = -114. List the prime factors of s.
2, 3, 19
Suppose 0 = 4*a + 2*m - 90006, 10*a - 81*m = -85*m + 225020. What are the prime factors of a?
2, 29, 97
Let b(g) = 7*g**2 + 5*g - 10. Let m(y) = -y**3 + 8*y**2 + 4*y - 10. Let z(k) = 6*b(k) - 5*m(k). What are the prime factors of z(3)?
173
Let k(r) = -8*r + 54. Let g be k(6). Suppose g*d - d - 4130 = 0. What are the prime factors of d?
2, 7, 59
Let t = -53 + 55. Suppose 0 = 5*v + t*a - 14, -17 = 2*v - 4*v + 3*a. What are the prime factors of v/(40/545) - 1/2?
2, 3
Let p(j) = 229*j**3 - j**2 + 2*j - 1. Let l = -26 - -27. Let k be p(l). Suppose -2*z - 85 = -k. What are the prime factors of z?
2, 3
List the prime factors of ((-30)/(-15))/((-16)/42*(-30)/128920).
7, 11, 293
Let l(f) = 85*f**2 - 1058*f - 77. List the prime factors of l(28).
3, 7, 1759
Let d = 756 - 753. Suppose 2*v + d*i - 3981 = 0, -2*v + 3*v = -2*i + 1992. List the prime factors of v.
2, 3, 331
Let c(b) = 33*b + 2. Let u be c(-6). Let v = u + 128. Let i = -39 - v. List the prime factors of i.
29
Suppose -1092 = -w + 27*n - 31*n, n = 3*w - 3354. List the prime factors of w.
2, 3, 31
Suppose -f - 3*b = -39047, 327*f - 330*f = -5*b - 117155. What are the prime factors of f?
2, 5, 11, 71
Let j(k) = -k**3 - 2*k**2 + 23*k - 57. What are the prime factors of j(-12)?
3, 41
What are the prime factors of (-1 - 1/1)*1873/(-2)?
1873
Suppose 8*v + 2523 = 283. Let l = 337 + v. What are the prime factors of l?
3, 19
Suppose 5*m = -1529 + 4449. Suppose -4*t + 1384 = -m. Suppose g + 2*h = 2*g - 113, -t = -4*g - 2*h. List the prime factors of g.
11
Let l be 615/(-82)*16/5. List the prime factors of (-6)/(l/2900) - 2.
3, 241
Let o = 75 + -70. Suppose 2*k - 2*c - 10 = 0, -o = 5*k + 2*c + 5. Suppose 5*l = 4*q - 77, k*l + 4*l + 40 = 2*q. List the prime factors of q.
2, 3
Let r(z) = z**3 + 10*z**2 + 19*z - 9. Let w be r(-7). Suppose -2*b + 2153 = q - 6*q, -5*b + 5470 = w*q. List the prime factors of b.
3, 11
Let o(i) = 23*i**2 - 11*i - 16. Let m(a) = 11*a**2 - 6*a - 8. Let d(x) = 7*m(x) - 3*o(x). List the prime factors of d(-6).
2, 167
Let a(t) = 827*t - 1584. What are the prime factors of a(6)?
2, 3, 563
Let x(u) = 22*u**2 + 28*u + 67. List the prime factors of x(22).
3, 1259
Let o(x) = 7*x**2 + 2*x + 1. Let t = 99 - 97. Let k be o(t). Let g = k + 205. List the prime factors of g.
2, 7, 17
Let w(q) = 3*q + 34. Let i be w(-14). Let p(r) = -7*r - 21. Let h be p(i). Suppose -h = -j + 97. List the prime factors of j.
2, 3, 11
Let s = 20113 - 11364. What are the prime factors of s?
13, 673
Suppose 2*d + 5715 - 19647 = 0. Suppose 16*y - d = -11*y. What are the prime factors of y?
2, 3, 43
Suppose 16*k + 55678 - 259570 = -10*k. List the prime factors of k.
2, 3, 1307
Let s = 109 + -100. Suppose 0 = 3*p + 5*k - 2896, -4*k + 4844 = -4*p + s*p. List the prime factors of p.
2, 3
Let c be 630/20*2/(-4)*-4. Suppose 2*s - 30 = t, t - 2 = -0. Let x = s + c. List the prime factors of x.
79
Suppose 524 = 5*j - 3*g, -g - 106 = 3*j - 4*j. Suppose 0 = -102*z + j*z - 46. List the prime factors of z.
2, 23
Let z(d) = d**3 + 6*d**2 - 14*d + 9. Let q be (-2 + 4)/((1 + 1)/(-2)). Let g be (-360)/48 - q/4. What are the prime factors of z(g)?
2, 29
Suppose -2*x = -3*u + 6, 2*u + 10*x + 9 = 7*x. Suppose 3*o - 3 = -4*j - u, 0 = 2*o - 2. Suppose 144 = -j*c + 4*c. What are the prime factors of c?
2, 3
Let s be (-64)/(-12) + -4 + (-10)/(-6). Let i(m) = -2 - 2 + 0*m**2 + 3*m**2 + 5. List the prime factors of i(s).
2, 7
Suppose 14*a - 45 = 11*a. Let x be (-1)/(((-2)/8)/(a/6)). What are the prime factors of x - -178 - (-3)/1?
191
Let p be 616/10*(-35)/2. List the prime factors of 3/(1/6*(-21)/p).
2, 3, 7, 11
Let a(k) = -4*k**3 + 8*k**2 - k - 11. Suppose 40 = -5*h - 3*h. List the prime factors of a(h).
2, 347
Suppose 238*o + 463152 = 262*o. List the prime factors of o.
2, 9649
Suppose m - 4 = -m + 5*f, -4*m = -5*f - 8. Suppose 4*d + o = 425, d + 528 = 6*d - m*o. Suppose -14*t + d = -12*t. List the prime factors of t.
53
Let h be (15/2*(-10)/15)/(-1). Suppose -h*d + 52 = x, -3*d = 5*x - 2*d - 212. Suppose 5*m - 33 - x = 0. List the prime factors of m.
3, 5
Suppose 0 = 4*z + 2*o - 90128, -1585*z = -1583*z + 4*o - 45082. What are the prime factors of z?
13, 1733
Suppose -116*z - 7704 = -2*r - 113*z, -5*r + z = -19221. List the prime factors of r.
3, 7, 61
Let y(v) = -91*v**3 - v. Let j be y(1). Suppose -867 + 1485 = 3*h. Let i = h + j. What are the prime factors of i?
2, 3, 19
Suppose f = 4*j - 62087, -2*j + 31047 = 28*f - 25*f. List the prime factors of j.
2, 3, 13, 199
Suppose 2 = -n + 43. Let s = 3063 - 3215. Let z = n - s. What are the prime factors of z?
193
Let a = -33318 + 55143. What are the prime factors of a?
3, 5, 97
Let g(p) = p**2 + 16*p + 2. Let s = -579 - -561. What are the prime factors of g(s)?
2, 19
Let f = -82 - -68. Let a(m) = -31*m + 12. What are the prime factors of a(f)?
2, 223
Suppose 0 = -3*v - 4*w + 179, -4*v = -6*w + 3*w - 222. Suppose -66*k = -v*k - 8082. List the prime factors of k.
2, 449
Suppose -20*i = 2*i - 80850. Suppose -6*v + 11*v = i. List the prime factors of v.
3, 5, 7
Let t = -11124 - -12593. What are the prime factors of t?
13, 113
Let n = 1635 - 2315. Let w = n - -1291. List the prime factors of w.
13, 47
Let m(u) = -3*u + 438. Let k be m(-17). Suppose 125*p - 128*p + k = 0. List the prime factors of p.
163
Let m(g) = -g**3 + 110*g**2 - 99*g + 2865. List the prime factors of m(104).
3, 5, 1277
List the prime factors of (8 - (19 + -14)) + 6892.
5, 7, 197
Let j be (-40 + 10)/6 + (6 - 1). Suppose j = -13*o + 10*o - 2*y + 3936, -2*o = y - 2624. List the prime factors of o.
2, 41
Let u = 157 + -229. Let c = 17500 + -17381. Let a = c + u. What are the prime factors of a?
47
Suppose -4*r = 12, 15076 = 5*s + 17*r - 19*r. Let n = -2058 + s. What are the prime factors of n?
2, 239
Suppose 0 = 144*k - 137*k. Suppose 10*g - 5147 + 1107 = k. List the prime factors of g.
2, 101
Suppose -h - 3*x + 6694 = 0, 0 = -5*h + 8*x + 27718 + 5706. What are the prime factors of h?
2, 11, 19
Suppose 582 = -2*s - 568. Let f = 919 + s. List the prime factors of f.
2, 43
Suppose -6*t + 0*t + 168 = 0. Let x = t + -140. List the prime factors of 11/(x/38 + (-12)/(-4)).
11, 19
Suppose -12*i + 80382 = -103746. What are the prime factors of i?
2, 7, 137
Suppose -w - 67695 = -6*w - 0*w. What are the prime factors of w?
3, 4513
Suppose -8*k + 164 = k + 5*d, k - 20 = -d. Suppose 3*m + 9 = -5*v - 0*v, -3 = m. Suppose 19*j - k*j - 186 = v. What are the prime factors of j?
2, 31
Suppose -y = 1, 3*y + 24 - 19 = h. Let u(n) = 26*n**2 - 1. List the prime factors of u(h).
103
Suppose 4*s - 136971 = -3*t, -49*s = -51*s + 5*t + 68479. What are the prime factors of s?
2, 3, 13, 439
Let p(n) = 43*n**2 + 89*n - 1215. List the prime factors of p(18).
3, 37, 43
Suppose -11*w + 88 = 11*w. Suppose -6*x = -w*x - 3342. What are the prime factors of x?
3, 557
Suppose 0 = -13*b + 18*b + 3*w - 249178, -4*b = 2*w - 199342. What are the prime factors of b?
5, 9967
Let x(t) = -34*t**3 - 5*t**2 + 7. Suppose 3 = -40*b - 117. What are the prime factors of x(b)?
2, 5, 11
Suppose -2*o - 8 = 0, 3*o - 7 = -2*t - 15. Let d be 1*t/4*8. Suppose 9 = -5*s - 11, 5*s + 652 = d*p. List the prime factors of p.
2, 79
List the prime factors of (-12)/14 - 153500/(-70).
2, 137
Let p(q) = -q**3 + 2*q**2 + 3*q - 5. Let v be p(-3). Suppose -v*o - 160 = -26*o. Let d = -9 - o. What are the prime factors of d?
23
Let m(b) = 20*b**2 - 19